b).
9
Suppose -7*d + 20 = -3*d. Suppose 0*n + 4 = x - n, d*x - 11 = 2*n. Let r(b) = -7*b - 1 + 1 - 1. What is r(x)?
-8
Let l(r) = 2 - 4*r + 33*r**3 + 5*r**2 - 17*r**3 - 7*r**3 - 10*r**3. Calculate l(3).
8
Let q(c) be the third derivative of -c**7/840 - c**6/60 + c**5/60 + c**4/6 + 4*c**3/3 - 6*c**2. Let h(s) be the first derivative of q(s). Determine h(-6).
-8
Let f = -4 - -7. Let g = 3 + 0. Let b(c) = -5 + g*c - 1 + 2 + 0*c. Calculate b(f).
5
Let u(s) = s**2 - 2*s - 2. Let q(y) = -y**3 + 4*y**2 - 7*y + 19. Let j be q(3). What is u(j)?
33
Let g(r) be the second derivative of r**4/6 + 11*r**3/6 + 11*r**2/2 - 652*r. Give g(-6).
17
Let k(c) = 5*c - 1 - 3*c + 7*c**3 + 0*c - 2*c**2. Let w(r) = -2*r**2 + 31*r + 5. Let i be w(16). Let p = -10 - i. Calculate k(p).
6
Suppose 4*z + 24 = -0*z. Let j = z + 6. Let g(d) be the first derivative of d**3/3 + 25. Calculate g(j).
0
Let q(h) = h**2 + 4*h + 4. Let c = -76 - -85. Suppose -m + c = 13. Give q(m).
4
Let z be ((-2)/3)/(10/(-75)). Suppose -20 = -2*m + 5*y, -2*m - z + 1 = y. Suppose m = 3*k - 0*k. Let a(s) = -s + 12. Calculate a(k).
12
Let v(n) = -2*n**2 - 19*n - 11. Let u = -2202 + 2194. What is v(u)?
13
Let c = -1 + 8. Let v be 102/c + 12/28. Let w be 5/(-2)*(-12)/v. Let k(d) = -5*d + 3. Determine k(w).
-7
Let g(t) = 3*t**3 - 8*t**2 + 7*t + 3. Let j(n) = -7*n**3 + 17*n**2 - 15*n - 7. Let m(a) = 5*g(a) + 2*j(a). Determine m(5).
1
Let b = 85 + -90. Let u(z) = -16*z**2 - 7*z - 10. Let a be ((-14)/4)/(1/(-2)). Let q(l) = -11*l**2 - 5*l - 7. Let n(k) = a*q(k) + b*u(k). Give n(1).
4
Let x(a) be the second derivative of -a**3/2 - a**2/2 + 2*a - 24. Calculate x(8).
-25
Suppose 20 = -4*h - 4*c, -27 + 5 = 2*h - 4*c. Let d(w) = w**3 + 8*w**2 + 6*w - 6. Give d(h).
1
Suppose 105*t + 22 = 100*t + 3*z, t = -2*z + 6. Let k(y) = -2*y**3 - 2*y - 2. What is k(t)?
18
Let x(p) = 89 + p + 93 - 262 + 87. Let l(i) = -i**3 + 6*i**2 + 2*i - 4. Let k be l(6). Give x(k).
15
Let o(c) = -4*c**2 + 3*c + 1. Let w(j) = -5*j**2 + 2*j + 1. Let r(n) = 4*o(n) - 3*w(n). Determine r(3).
10
Let y(h) = 147*h - 3 - 290*h + 144*h. What is y(-3)?
-6
Let p(g) = 3*g**3 - 4*g**3 + 3*g + 3 + 2*g**2 - g. Suppose 10*l - 12*l = -6. Suppose -5*b - 10 + 34 = l*h, -3*b = 4*h - 21. Calculate p(b).
0
Let l(n) = 2 + n + 3*n**2 + 4*n**2 + 3*n**2 - 11*n**2. What is l(2)?
0
Let s be -7 - -3 - -1*6. Suppose -6*o - 76 = -s*o. Let l = o - -22. Let b(i) = i**3 - 3*i**2 + 3*i + 3. Determine b(l).
12
Let b(u) be the third derivative of -u**8/6720 + u**7/2520 + u**6/360 - u**5/60 + 7*u**2. Let s(i) be the third derivative of b(i). Give s(2).
-6
Suppose d - 2*w + 11 = 22, 27 = 2*d - 5*w. Let z(p) = -9*p**2 + 2*p - 1. What is z(d)?
-8
Let z = 2 + -5. Let y(d) = 7*d**2 + 2*d - 3. Let r(l) = 86*l**2 - 85*l**2 + 2 - 2. Let t(s) = -6*r(s) + y(s). Determine t(z).
0
Suppose -4*d + v + v = -12, d - 3*v - 3 = 0. Let f(a) = -a**3 + 5*a**2 - 2*a - 2. What is f(d)?
10
Let x(r) = -5*r. Let l be (-204)/54 - -5 - 2/9. Determine x(l).
-5
Suppose 0 = 4*l - 7 - 13. Let p(w) = 0*w**2 - 5*w**2 + 6 + w**2 + 6*w - 2*w + 3*w**2. Determine p(l).
1
Let g(w) be the third derivative of 9*w**2 - 1/3*w**4 + 0*w + 1/60*w**5 + 0 - 1/6*w**3. Suppose 3*t + 2*p + 2*p = 4, -4*t + 8 = 4*p. What is g(t)?
-17
Let b(s) = -132*s + 787. Let n be b(6). Let u(l) = 3*l + 2. Let t(p) = -p - 1. Let o(i) = -t(i) - u(i). Determine o(n).
9
Let p(h) be the second derivative of -h**5/5 + h**4/6 - h**2/2 - 167*h. What is p(1)?
-3
Suppose 64 + 11 = -15*i. Let c(m) = -5*m**2 + 35*m + 32. Let z(d) = 2*d**2 - 12*d - 11. Let w(l) = 4*c(l) + 11*z(l). Determine w(i).
17
Suppose -8*t + 291 - 83 = 0. Suppose -3*y - t = -38. Let z(q) = q**2 - 3*q + 3. Determine z(y).
7
Let c(b) = -b**2 + 20. Suppose 57*u = 30*u + 32*u. Calculate c(u).
20
Let y(o) = 1 - 41*o**2 + 14*o**2 + 7*o + 13*o**2 + 15*o**2. Suppose 0 = -0*t - 2*t + 5*q - 37, -4*q + 26 = -t. Calculate y(t).
-5
Let v = -2 + 1. Let l(z) = 2*z + 0*z + 628 + 625 - 1253. Determine l(v).
-2
Let d(q) = -17*q - 33. Let r(u) = -10*u - 16. Let j(l) = 3*d(l) - 5*r(l). What is j(0)?
-19
Let u(z) be the first derivative of -9*z**4/4 - z**3/3 - z**2/2 - z - 1. Let x(o) = -51 + 13 - 25 - 40 - 6*o. Let h be x(-17). Determine u(h).
8
Let v(r) = r**3 + 5*r**2 - 2*r + 3. Let d = -33 - -31. Let n = 11 + -17. Let i be (n/(-2) - d)/(-1). Calculate v(i).
13
Let u(w) = -w**2 + w. Let b be u(3). Let q(f) = f - 1. Give q(b).
-7
Let n be (0 + 5 + -5)/(-2). Let m(x) = -x**3 + x - 30. Give m(n).
-30
Suppose -4*z = -0 - 12. Let d(s) = 2*s - 10. Let c be d(z). Let v(m) = -2*m**2 - 5*m - 1. What is v(c)?
-13
Suppose -3*t + 12 = -0*t. Suppose 4*f = -r - 1, 22 = -t*f + f - 5*r. Let h(v) = v - 1. What is h(f)?
0
Suppose -84 = -3*z - 3*v, 5*v = -z + v + 22. Let d be ((-20)/z)/((-1)/3). Let p(r) = 2*r - 2 - r + r**2 + d*r**2 + 3*r**3. Give p(-2).
-16
Let c(k) be the third derivative of -k**4/24 + 2*k**3/3 - 2*k**2. Let h be 1*1*(1 - (-4 + 5)). Determine c(h).
4
Let x be ((-1)/3 + 6/18)/2. Let f(j) be the second derivative of 1/6*j**3 + x*j**2 + 4*j + 0. Give f(4).
4
Let l(u) be the second derivative of u**4/12 - 8*u**3/3 + 24*u**2 - 35*u + 1. Calculate l(13).
9
Let v(z) = z**2 - 10*z + 19. Let y be v(8). Let i(x) = 5 - 14*x + 18*x - y. What is i(-2)?
-6
Suppose -6*x = 14*x - 100. Let k(t) = t**3 - 4*t**2 - 6. Calculate k(x).
19
Let u be 12/(-4)*(-2 + 1). Let f(x) = 4 + 5*x**3 + 0*x**2 - 3*x - u*x**2 - 4*x**3. Let c = -18 + 21. Calculate f(c).
-5
Let q(u) = -5*u**2 + 11*u - 5. Let v be q(2). Let m(n) = -n**3 - 6*n**2 - 4*n + 7. What is m(v)?
-8
Let s(j) = -4*j**2 + j - 1. Suppose -3*v - 15*l = -20*l + 2, -4 = -4*l. Give s(v).
-4
Let f(r) = r + 3. Let k(t) = 6*t + 8. Let i be k(-2). Let g be -5*((-9)/3 - i). Give f(g).
-2
Let z(q) = -42*q**2 + 22*q**2 + 17*q**2 - 1 - 2*q. Calculate z(-2).
-9
Let k(n) be the first derivative of 4*n - 5/2*n**2 - 7. Calculate k(-3).
19
Let r(k) = -k - 2. Let c(p) be the second derivative of -2*p**3/3 - p**2 + 14*p. Let j be c(-2). What is r(j)?
-8
Suppose 2 = -210*h + 208*h. Let w(j) = 9*j**3 - j**2 + 1. What is w(h)?
-9
Let u(l) = -3*l. Let i = -13 + 19. Let t(p) = p - 2. Let n be t(i). Suppose g = -g - n. Determine u(g).
6
Let w be 3 + (2 - 3 - -8). Let n(f) = -f**3 + 1 - 8 + w + 4*f + 0*f**3 - f**2. Let o(k) = -k - 8. Let j be o(-6). Calculate n(j).
-1
Let w(f) = 6*f**3 + 11*f**2 + f + 15. Let d(v) = 10*v**3 + 17*v**2 + 2*v + 24. Let n(z) = 5*d(z) - 8*w(z). What is n(1)?
1
Let z(m) = -2*m**2 + 2*m - 1. Let t be z(1). Let r(s) = 3*s**2 - 2*s - 2. Let p be r(t). Let l(q) = 2*q - 4. What is l(p)?
2
Let s(k) = -7*k + 3. Let h(x) be the first derivative of 7*x**2/2 - 4*x + 6. Let r(w) = -4*h(w) - 5*s(w). Give r(-1).
-6
Let j(y) = y - 3. Let h be 1/(-3) + 14*(-12)/36. Determine j(h).
-8
Let p(y) = 223*y - 112*y - 117*y. Calculate p(3).
-18
Let o(m) = m - 1. Suppose 4 = i, 0*c = -c + 3*i - 6. What is o(c)?
5
Let b(k) = 4*k**2 - k - 3*k + 3*k. Let z be 3/(21/14) + -3. Give b(z).
5
Suppose 0 = 6*c + 4 - 16. Let g(j) = j**c - 2*j**3 + j**3 + 2*j + 3*j - 2. Calculate g(3).
-5
Let s(z) be the third derivative of z**6/120 + z**5/60 + z**3/2 + z**2. Suppose 34 = -4*x - 2*h, -2 = h - 3. Let w = x - -9. Calculate s(w).
3
Suppose 3*v + 5*g - 4*g = 20, 4*v - 5 = 3*g. Let u(f) be the third derivative of 1/2*f**3 + 0*f - 1/30*f**v + 1/60*f**6 + 0 - 1/8*f**4 + f**2. What is u(2)?
5
Let q(z) = -z**3 - z**2 + 4*z + 2. Let j be q(-3). Let r(n) be the first derivative of -n**4/4 + 7*n**3/3 + 7*n**2/2 + 11*n - 496. Give r(j).
3
Let b be (3/2)/((-6)/(-16)). Let g be (-774)/(-72) + 14/(-8) + 2. Let v(d) = -6*d**2 + 10 - 2*d**3 + 5*d - g + 3*d**3. Give v(b).
-13
Let p(r) = r**2 - 9*r - 13. Let v be p(10). Let b(h) = -2*h - 5*h**2 - h - 22 + 24 - h**3. Determine b(v).
-7
Let p(a) = -10 + 16*a + a - 5*a - 7*a. Let v(i) = -7*i + 15. Let w(k) = 8*p(k) + 5*v(k). Give w(4).
15
Let l be (-5 + 1)*(-2)/8. Let r(k) = k**2 - 4*k - 2. Let c be r(5). Let v(x) = c + 0*x**3 - 3 - 3*x**3 + 1 - x**2. Determine v(l).
-3
Let d be (22 + -3 + 0)*1. Let o(b) = b**3 - d + 8*b - 2*b + 11 + 7*b**2 - b. Calculate o(-6).
-2
Let n = -405 - -410. Let k(w) be the second derivative of n*w - 1/2*w**3 + 1/2*w**2 + 0. Determine k(1).
-2
Let c = -4 + 7. Let l(t) be the second derivative of t**5/20 - t**4/4 + t**3/3 - 3*t**2/2 - 22*t + 1.